.
14
Let t(l) be the first derivative of 2*l**3 - 5*l**2/2 - 9*l - 9520. Calculate t(-2).
25
Suppose 4 = 3*w - w + 3*h, -w - 5*h = -2. Let s(t) be the first derivative of -5*t**3/3 + 2*t**2 - 3*t - 5240. Give s(w).
-15
Let o = 39 + 43. Let l(k) = 81*k**2 - o*k**2 + 2*k - 4 + 19*k**3 - 18*k**3. Calculate l(3).
20
Let b(l) = -9*l**3 + 16*l**3 + 15*l**2 - 15*l**2 - 1. Suppose 0 = 14*f - 10 - 4. Let v be f*((-3)/(-6) + -1)*2. Calculate b(v).
-8
Let m = -28383 + 28377. Let o(h) = -2 + 0 + 2 + 1 - 4*h. Calculate o(m).
25
Let u = 91112/42051 + -1/28034. Let g(d) be the third derivative of u*d**3 + 3/20*d**5 - 1/12*d**4 + 24*d**2 + 0 - 1/120*d**6 + 0*d. Determine g(9).
-5
Let q(y) be the second derivative of -y**3/6 - 8*y**2 - 25121*y. Let g be (-3)/(-4) + 46/(-8). What is q(g)?
-11
Suppose -u + 7*d = -2, 3*u - 4*d - 11 = -22. Let q(t) = -7*t - 19. What is q(u)?
16
Suppose -49 = 3*m - 2*i, i + 0 + 1 = 0. Let b(y) = -y**3 - 19*y**2 - 34*y + 7. Determine b(m).
7
Let c = 106 - -98. Let z = c + -195. Let b(r) = r**3 - 9*r**2 - 1. Give b(z).
-1
Let t(p) be the first derivative of p**4/4 - 7*p**3/3 + 11*p**2/2 - 2*p + 229. Let k be (-2 - 0)/(8/(-20)). What is t(k)?
3
Let o(v) = -5*v - 3. Let l be o(-3). Let k(j) be the first derivative of -j**4/4 + 4*j**3 + j**2 - 17*j + 48. Let i be k(l). Let z(h) = -2*h + 6. What is z(i)?
-8
Let d(p) = -42*p + 9*p + 33*p**2 - 27 + 4*p + 2*p**3 + 12*p - p. Give d(-17).
-10
Let r = -28 - -55. Suppose -r = -b - 23. Let c(s) = -4 + 2 + 8*s - 9*s + b. Determine c(7).
-5
Let n(f) = -f**2 - 21*f - 13. Let k(o) = -9*o - 272. Let x = -363 + 335. Let d be k(x). Calculate n(d).
7
Let d(u) = 6*u + 281*u**2 - 3 - 563*u**2 + 281*u**2. Suppose 0 = -3*p - 0*p. Let j = p + 4. What is d(j)?
5
Let l(a) be the first derivative of -a**4/4 + 11*a**3/3 - 14*a**2 + 27*a + 2721. Calculate l(8).
-5
Let l(h) = 15*h + 385. Let o be ((-57)/228)/(2/200). What is l(o)?
10
Let b(a) be the first derivative of -3*a**2/2 + 9*a - 13842. Let o be (2/14 + -1)*-7. What is b(o)?
-9
Suppose 44*z = 157*z + 452. Let t(j) = j**3 + 6*j**2 - j - 16. Calculate t(z).
20
Let z = 3453 + -3451. Let t(a) be the second derivative of 5*a + 0 + 1/3*a**3 + 5/2*a**z. Give t(-6).
-7
Suppose -23 = m - 597*i + 602*i, 35 = 5*m - 5*i. Let d(v) be the first derivative of -1/2*v**m + 2*v + 16. Give d(6).
-4
Let z(k) = -3*k**3 + 6*k**2 - 17*k**2 - 4 + 4*k - k - k + 14*k**2. Suppose 2*q - 5 = -o, -o = -q - 0*o + 1. What is z(q)?
-12
Let a(n) = n**3 + 3*n**2 - 14*n - 20. Let y be (4/2)/((-26)/65). Let k be a(y). Let d(x) = x**2 - x + 2. Calculate d(k).
2
Let b(v) = -1. Let k(d) = 12*d + 12. Let p(l) = -7*l - 5. Let f(h) = 4*k(h) + 7*p(h). Let c(r) = -5*b(r) - f(r). Give c(8).
0
Let k(r) be the third derivative of -r**6/12 - r**5/30 + r**4/12 + r**3/2 - 32*r**2. Let o be k(-1). Let w(m) = 64 - m - 28 - 30. Give w(o).
-3
Let w be 9/5 - 1/(-5). Let a(r) = 294 + 0*r - r**2 + w*r - 286. Give a(4).
0
Let s(t) = 16*t + 1. Let h = -34 - -47. Suppose 9*w - h = -4*w. What is s(w)?
17
Let i(b) be the third derivative of b**6/120 + 7*b**5/60 - 5*b**4/24 + 2*b**3/3 + 18*b**2 - 8*b. What is i(-5)?
79
Let x(i) be the second derivative of -1/6*i**3 + 1/2*i**2 + 28*i + 0. Let h(y) = y - 1. Let t be h(-4). Determine x(t).
6
Let f(d) = -d + 28. Let g(s) = -2*s + 27. Let u(y) = 5*f(y) - 5*g(y). What is u(-2)?
-5
Suppose -3*r - 3*r + 366 = 0. Let o(u) = 60*u - 2 + r*u - 118*u. What is o(2)?
4
Suppose -4*k - 49 + 65 = 0. Suppose 1 = i - k. Let p(a) = -a**2 + 5*a - 4. Determine p(i).
-4
Let a = -159 - -173. Let p(b) = 4 + 0 - 13*b + a*b. Determine p(-3).
1
Let r(p) = 40*p**3 - 4*p + 3. Let n(l) = -3*l**3. Let c(j) = -5*n(j) - r(j). What is c(1)?
-24
Let k(w) = -3*w - 3. Let c(n) = -9*n + 116. Let l be c(13). Let f be -11 - l - (-1 + -4). Give k(f).
12
Let s(v) = -110*v**3 + 11*v**2 + v - 17. Let t(f) = -63*f**3 + 6*f**2 + f - 9. Let w(u) = -4*s(u) + 7*t(u). Determine w(-2).
-1
Let a(b) = b**2 - 9*b + 10. Let q be a(9). Let u(g) = -5*g**3 + 2*g**2 + 8*g + 3. Let x(p) = -4*p**3 + 6*p + 4. Let h(v) = -5*u(v) + 6*x(v). Calculate h(q).
-31
Let h(u) = -11*u**2 + u + 6. Let p be h(7). Let j = p - -532. Let z(d) = -d**3 + 7*d**2 - 7*d + 5. What is z(j)?
-1
Let r(k) be the third derivative of k**6/60 + k**5/40 + k**4/12 - 64*k**3/3 - 19*k**2. Let a(q) be the first derivative of r(q). Calculate a(-2).
20
Let t(c) be the second derivative of -c**3/2 - 7*c**2/2 - 15*c - 297. Give t(0).
-7
Let p(u) be the second derivative of -5*u**3/3 + 92*u**2 - 4652*u. Determine p(19).
-6
Suppose -3*f - 4*u = -78, f - 4*u - 45 = u. Suppose j = -4 + 5. Let r be ((-4)/j)/(15/f). Let q(z) = -z**3 - 9*z**2 - 7*z + 3. What is q(r)?
-5
Let c be 9/6 - 3255/(-210). Let y(w) = -32*w + 541. Give y(c).
-3
Let k(n) = n**2 - 68*n - 365. Let o = 17947 + -17952. Calculate k(o).
0
Let q(i) = -6*i**3 + 3*i**2 - 5*i - 6. Suppose 87*b = 549 - 636. Calculate q(b).
8
Let q(k) = -k**2 - k - 5. Let z be q(-5). Let l(t) = -t**3 - 25*t**2 - 2*t - 43. Let s be l(z). Let o(w) = w - 4. What is o(s)?
3
Let k(f) be the first derivative of -f**4/4 - 5*f**3/3 - 3*f**2/2 + 3*f + 91. Suppose 4*t - 16 = 4. Suppose 2*y = -z - 13, -3*y + 4*z = t*z + 17. Give k(y).
-1
Let w(l) = -l**3 + 10*l**2 + 10*l + 9. Let t = -4 - -30. Suppose -v - 5*a - 19 = -5*v, -v - 3*a = -t. What is w(v)?
-2
Let j(k) = 7*k + 704 - 356 - 4*k**2 + 3*k**2 - 27*k - 335. Give j(-19).
32
Let r(v) = -6*v - 376. Suppose -3*k = 4*x + 241, k = 116*x - 119*x - 187. Determine r(x).
8
Let h = 5 + 2. Let c(u) = u**2 - 2*u - 22. Let a be c(-4). Let i(k) = -56*k - 2 - 50*k - k**a + 117*k. Give i(h).
26
Suppose 0 = -20*x + 22*x - 2*c + 82, 3*x + 4*c + 144 = 0. Let k(q) = q**3 + 44*q**2 + 2*q + 84. Calculate k(x).
-4
Let d(q) = -q**2 + q - 2. Let b(a) = -7*a + 2*a + 3 - 5. Let t(p) = b(p) + d(p). Let v(c) = -c**3 + 3*c**2 - 2*c + 2. Let k be v(3). Give t(k).
-4
Let q(h) = -3*h + 1 - 4*h + 0*h. Suppose -3*u = 2*y + 2 - 5, 0 = -2*y + 2*u + 8. Let i be (-44 + 48)/(1*(y - 1)). Determine q(i).
-13
Let x(m) = -19*m + 14*m + 7*m - m**2. Let d(l) = 6*l. Let r be d(1). Suppose 4 = -y + r. Give x(y).
0
Let s(n) = 138 + 143*n**2 + 6*n - 142*n**2 + n - 134. Give s(-4).
-8
Let g(u) be the first derivative of -u**3/3 - 3*u**2/2 + 9*u + 112. Let r(x) = 2*x**2 + 6*x - 20. Let i(o) = -5*g(o) - 2*r(o). Calculate i(-6).
13
Let h(y) be the first derivative of y**2/2 + 14*y + 2359. What is h(-3)?
11
Let p(q) = -4 + 4*q + 1 - 22*q + 7*q + 10*q. Suppose 0 = 5*m - 7*m + 16. Calculate p(m).
-11
Let y(k) be the first derivative of k**3/3 + 3*k**2 - 21*k - 330. Determine y(4).
19
Let v(m) = -m**3 + 8 - 2*m**2 + 8*m + m**2 - 6*m**2. Let x(k) = -k**2 - 13*k - 48. Let p be x(-8). Calculate v(p).
8
Let l(f) = 1136*f - 1126*f + 2*f**2 - 169 + 187 - 2*f**3. Calculate l(-3).
60
Let x = 28092 + -28086. Let s(q) = 2*q**2 - 28*q + 88. Give s(x).
-8
Let h(o) = -5*o**2 - o - 1. Suppose 0 = -2*p + 4 - 0. Let b(t) = 34*t + 36. Let v be b(-1). Suppose x - 2 = p*k - 1, 0 = x - 3*k - v. Give h(x).
-5
Let z(w) be the third derivative of -7/6*w**3 + 0*w - 1/12*w**4 - 3 - 11*w**2. Calculate z(5).
-17
Let q(p) be the first derivative of -1/3*p**3 - 1/2*p**2 - 3*p + 27. Calculate q(0).
-3
Let n(r) = 9*r**2 - 2*r - 29*r**2 - 15*r + 6*r**2 + r**3 + 28. Give n(15).
-2
Let d be (-2 - 3/(-2))*0. Suppose 3 = -2*p - 3*k - 1, d = -2*k. Let s be (1 + -1)/(-3 - p - -2). Let y(t) = -t**3 + t**2 + t - 11. Determine y(s).
-11
Let y(q) = 13*q - 45*q - q**2 - 40 + 20*q. Let k(i) = -i**2 + i + 4. Let v be k(4). Let f be y(v). Let u(t) = t**2 + 8*t + 7. Give u(f).
7
Let c = -16 - -21. Suppose 0 = 3*s + 2*x - 14, -c*s + 3*s = -5*x - 3. Let g(z) = -4 + z**2 - s + 0 + 4 - 6*z. Give g(7).
3
Let v(n) = -n. Let z(u) = -u**3 + 17*u**2 - 28*u - 16. Let g be z(15). Suppose -f + 8 - g = 0. Calculate v(f).
6
Let o(u) = u**2 + 4*u - 14. Let k(n) = -2*n + 14. Let h(b) = k(b) + o(b). What is h(-6)?
24
Let i(d) = -d**3 - 4*d**2 - 2*d. Let l be i(-4). Suppose -8*c = -4*c + l. Let x(y) = -1 + y**2 + 1 + y**3 + y - 2*y. What is x(c)?
-2
Let q(r) = 904*r - 448*r - 450*r + 4. Let u(g) = 11*g + 8. Let y(h) = -7*q(h) + 4*u(h). Determine y(-5).
-6
Suppose 0 = 5*x + 5 - 15. Let m(i) = 9*i - 7 + 20 + 47*i**x + 47*i**2 - 95*i**2. Give m(11).
-9
Let d(z) = -6 - 26 + 3*z**3 + 205*z + 8*z**2 - 236*z - 2